6 + 8968. What is the remainder when b is divided by 202?
200
Let w = 441 + -426. Suppose 28*g + w*g - 9890 = 0. Calculate the remainder when g is divided by 33.
32
Let d be 282 - 3/((-24)/40). Let a = d - 267. What is the remainder when 58 is divided by a?
18
What is the remainder when 12 - 13744/(-7) - 12/(-21) is divided by 165?
161
Let m = 26460 - 26210. Calculate the remainder when 2241 is divided by m.
241
Let i(z) be the third derivative of 3*z**5/20 - 7*z**4/24 + 5*z**3/6 - z**2 + 50*z. Calculate the remainder when 120 is divided by i(3).
55
Let x = -3548 + 3638. Calculate the remainder when 181 is divided by x.
1
Suppose -127*y = -18*y - 4142. Let d = 22 - 20. Suppose 69 = z + o, 2*z - 136 = d*o - 5*o. Calculate the remainder when z is divided by y.
33
Suppose 64*u = 144385 + 49727. Calculate the remainder when u is divided by 92.
89
Let u = 32119 + -30551. What is the remainder when 1584 is divided by u?
16
Let f(c) = 21*c. Let s(b) = b**2 + 10*b - 48. Let l be s(-18). Suppose l + 944 = 13*r. Calculate the remainder when r is divided by f(1).
17
Let x be 3*(4*9)/(-2). Let f = x - -58. Suppose f*r = 8*r - 116. What is the remainder when r is divided by 12?
5
Suppose 26*k + 1809 - 5995 = 0. Let n(i) = -i**2 + 31*i + 55. What is the remainder when k is divided by n(31)?
51
Let b(l) = l**2 - l - 10. Let g be b(-3). What is the remainder when 102 - g - (-11 - -9) is divided by 20?
2
Suppose 105188 + 62795 = 155*k + 60258. Calculate the remainder when k is divided by 98.
9
Suppose -4*y + 14305 = 5*h, -963*h + 965*h - 2*y = 5704. What is the remainder when h is divided by 82?
69
Suppose 0 = 3*q - q + 2*g - 234, 5*g = 2*q - 269. What is the remainder when q is divided by (15 - (-7 - 13))/(10/4)?
10
Let b = -24 - -58. Let s = b - -41. Suppose 5*t + 3*k = -0*t + 104, 0 = -t - 3*k + 28. What is the remainder when s is divided by t?
18
Suppose 2*q = -z + 10, 4*q = 11*z - 7*z + 20. Let d = 3 + 0. What is the remainder when (z + 6)/(3 + (-18)/8) is divided by d?
2
Let t = -99 - -249. Calculate the remainder when t is divided by 2/(-6)*(-99 + -60).
44
Let k = -13 + 24. Suppose 83 = -k*h + 2173. What is the remainder when h is divided by 24?
22
Suppose -58*t = -50*t + 583 - 1991. Calculate the remainder when 521 is divided by t.
169
Suppose j - 24 = -22. Suppose -5*g + 17 = -j*b, -b - 21 = -5*g - 0*g. What is the remainder when 105 is divided by g?
0
Suppose 4*t - g = -73, 3*t + 30*g - 28*g + 52 = 0. Let n = t + 32. What is the remainder when 34 is divided by n?
6
Suppose -h = -4*h + 4*i + 246, -4*i = 4*h - 328. Calculate the remainder when h is divided by 43.
39
Let c(m) = -m**3 + 9*m**2 + m - 9. Let d = -50 + 79. Let t = -23 + d. Calculate the remainder when c(t) is divided by 27.
24
Let c = 251 - 142. What is the remainder when c is divided by (-18)/(-3)*5 - (2 - 0)?
25
Suppose 14 = i - 15. Calculate the remainder when 3158 is divided by i.
26
Let b = 23858 + -23296. Calculate the remainder when b is divided by 75.
37
Suppose 4 = y, 4*y + 28 = 4*d - 40. Let z = 259 - d. What is the remainder when z is divided by 16?
14
Let w be 105*(-2 + 4/(-20)*-12). Suppose w = -4*i + 11*i. Suppose s + 3*k = i*s - 175, -3*s + 105 = k. What is the remainder when s is divided by 12?
11
Let h(v) = v**3 - 6*v**2 + 4*v + 7. Let i be h(5). What is the remainder when 8289/162 + (i/(-12))/1 is divided by 18?
15
Suppose -3*t - 30*b = -31*b - 1643, 0 = -5*t + 2*b + 2740. Calculate the remainder when t is divided by 180.
6
Let k be 12*(-6 + -4)/(16/10). Let h = k + 118. What is the remainder when 127 is divided by h?
41
Let s(w) = w**3 - 20*w**2 - 7*w + 61. Suppose 3*p + 48 = 2*o + 5*p, 3*p - 51 = -2*o. What is the remainder when s(o) is divided by 21?
19
Suppose 4*m + 2*t = 3*t - 6, 14 = -2*m - 5*t. Let u be ((0/m)/(-4))/(1 - 0). Suppose -6*g - 15 + 57 = u. What is the remainder when 60 is divided by g?
4
Let q(o) = -21 - 6*o - 17 - 24 - 3. What is the remainder when 31 is divided by q(-12)?
3
Let w = -30 + 36. Let y be ((-6)/(-4))/(w/120). Suppose -2*j = -2*s - y, 5*s + 36 - 11 = 0. Calculate the remainder when 98 is divided by j.
8
Suppose 4*w = -4*x + 4398 + 662, -2*w + 2510 = -3*x. What is the remainder when w is divided by 159?
148
Suppose 5*n - 27 = -p, 3*n = p + 7*n - 22. Suppose 0 = 2*j + 4*c - 578, p*j + 3*c = 245 + 331. Calculate the remainder when j is divided by 13.
12
Let k(g) = g**2 + 74*g + 2125. Calculate the remainder when k(-54) is divided by 344.
13
Suppose -5*u - 367 = -3*j, 6*j = j - u + 593. Let x = j + -72. Calculate the remainder when 234 is divided by x.
46
Suppose -o = -h - 3*o + 235, -5*h + 1219 = -o. Let s = -7513 - -7548. What is the remainder when h is divided by s?
33
Let r(s) = -2*s**3 + 101*s**2 + 271*s + 60. What is the remainder when r(53) is divided by 308?
70
Suppose 3*x = -3*z + 1 - 4, 30 = -2*x + 5*z. What is the remainder when (-76)/16*(x - 11) is divided by 11?
10
Suppose -5*v + 129 = 3*h, -2*v - v + 183 = 4*h. Let t = 3096 + -3093. Suppose -h = t*p - 5*p. Calculate the remainder when p is divided by 5.
4
Suppose 9 = 5*m - 11, 5*b + 36 = 4*m. Let h = -5247 - -5261. Calculate the remainder when h is divided by (3/4)/((-1)/b).
2
Let p(u) = 2*u**2 - 13*u + 9. Let o be p(5). Let v be (-282)/(-90) - o/(-45). Calculate the remainder when v*(4 + (-88)/(-4)) is divided by 16.
14
Let s(z) = 10*z**2 - 3*z + 5. Let k = -39304 - -39317. What is the remainder when s(4) is divided by k?
10
Let z(n) = 25*n + 2075. What is the remainder when z(48) is divided by 9?
8
Let h = 104 - 100. Suppose h*b + 16 + 52 = 4*q, -b = -2*q + 36. What is the remainder when 160 is divided by q?
8
Suppose z - 38 = -2*c + 2*z, -c + 4 = 2*z. What is the remainder when 3294 is divided by c?
14
Let b = -22395 - -22535. What is the remainder when 1255 is divided by b?
135
Let r = 117 + -49. Suppose 3*q - 17 - 16 = 0. Suppose k + 10 = v, -5*v + q*k = 12*k - r. What is the remainder when 23 is divided by v?
10
Let r(d) = d**2 + 114*d + 3511. What is the remainder when r(-62) is divided by 28?
7
Let r(u) = u**3 + 21*u**2 + 22*u - 62. Let v be r(-20). Let n = v - -202. Calculate the remainder when n is divided by 17.
15
Suppose 0 = 7*g + 26 - 208. Calculate the remainder when g is divided by 84/14*2/4.
2
Suppose -9*s = -6*s - 6. Suppose 6 = -2*t - 2*q, q + q - 6 = s*t. What is the remainder when (0 + 0)/(0 + t) + 40 is divided by 14?
12
Suppose f = -3*d + 19 + 71, 4*d - 2*f = 120. Let o = 62 - d. Suppose 6*a - 4*p = 2*a + o, 0 = p. What is the remainder when 13 is divided by a?
5
Let c = -105 - -82. Let v = c - -38. Suppose 0 = v*h - 2*h - 143. What is the remainder when 54 is divided by h?
10
Let i = 41941 + -41837. Calculate the remainder when i is divided by 74.
30
Let x = 37 - 22. Calculate the remainder when 52 + (-10252)/198 + (-1022)/(-18) is divided by x.
12
Let h(p) = 3*p**3 - 37*p**2 - 24*p + 7. What is the remainder when (-10)/4*(-248)/10 is divided by h(13)?
29
What is the remainder when (-39)/(-2) - 2/((-36)/(-27)) is divided by (6/5)/((-108)/(-1440))?
2
Let s(j) = 2*j**3 + 15*j**2 - 23*j - 82. Let h be -4*(-1 - (-14)/(-8)). Let k = h - 1. What is the remainder when s(-8) is divided by k?
8
Suppose 661 = 27*v + 31*v - 28107. Calculate the remainder when v is divided by 130.
106
Suppose -5*l = 4*n - l - 44, -n - 3*l = -9. Suppose 4*f - 17 = -3*z, 245*f = 248*f + 5*z + 1. What is the remainder when n/30 - (-153)/5 is divided by f?
7
Let f = 11435 - 5342. Calculate the remainder when f is divided by 254.
251
Let l = 3872 - 3701. Calculate the remainder when 649 is divided by l.
136
Suppose g = -z + 112, 29*z - 34*z + 2*g = -532. Calculate the remainder when 268 is divided by z.
52
Let q = 22653 - 22619. What is the remainder when 4/6*291/2 is divided by q?
29
Suppose 4*p - 1088*k + 1083*k = 10145, 2*k - 2533 = -p. Calculate the remainder when p is divided by 3.
0
Suppose 3*g - 5*z - 52 = 0, -4*z + 21 - 85 = -4*g. Let s(d) = 12*d - 46. Suppose -y + 57 - 44 = 0. Calculate the remainder when s(y) is divided by g.
12
Let m be -3 - (-2)/(4/(15 - -1)). Suppose 2*n - 6 - 8 = 5*b, -m*n - 3*b = -35. Calculate the remainder when (-42)/(-2) - (-4)/(-1) is divided by n.
3
Suppose 0 = 88*h - 96*h + 6016. Let x = -749 + h. Suppose 5*l - 117 - 38 = 0. Calculate the remainder